x(w) = w**2 - 6*w + 1. Let n(y) = y**3 - 13*y**2 + y - 6. Let t be n(13). What is x(t)?
8
Suppose -a + 14 = a. Let h(r) = -r - 2*r - r**3 + a*r**2 + 6 + 6*r - 4*r. Determine h(7).
-1
Let x(l) be the first derivative of -4*l**3/3 - l - 21. Let a(n) = n**2 - 4*n + 4. Let q be a(3). Let u = q - 2. Give x(u).
-5
Let w(p) be the third derivative of p**4/12 + p**3/3 - p**2 - 12*p. Determine w(1).
4
Let g(z) = -z - 7. Let h(a) = a**2 + 3*a + 2. Let c(u) = -2*u + 8. Let v be c(5). Let w be h(v). Give g(w).
-7
Suppose 0 = 4*k - 23 + 7. Let x(m) = -2*m**2 + m + 3. Determine x(k).
-25
Suppose 0 = -3*f + p + 1, 4*f = -p + 13. Let h be (0/f)/(1 + -3). Let k(a) = a**2 - 3. Give k(h).
-3
Let c(n) = -11*n. Let x be 18/22 - (-14)/77. Give c(x).
-11
Let s(j) be the first derivative of -j**4/4 + 4*j**3/3 - 2*j**2 + 2*j - 11. Let m be (0 - 1/(-2))*6. Calculate s(m).
-1
Let q(p) = 3*p. Let l = -28 + 17. Let v = -6 - l. Suppose 0 = -4*t + v*k - 8 - 15, -4*t + 3*k = 17. What is q(t)?
-6
Let a be -6*((-108)/(-32))/((-6)/8). Let x = 10 + -3. Let y(u) = 4*u**2 + a - 3*u**2 - 4*u + x*u - 29. Determine y(-4).
2
Let z(g) = g + 4. Suppose -11 - 15 = -2*u. Suppose u = -2*k + 3. Give z(k).
-1
Let j(g) = g - 1. Let o = -10 + 11. What is j(o)?
0
Let z(b) = b**2 + b + 9. Let o(s) = -s - 4*s**2 + 2*s**2 - 17 + 0*s. Let f(g) = -6*o(g) - 11*z(g). Let k be (5 - (-2 - -4)) + -1. Determine f(k).
-3
Let f(h) be the third derivative of h**9/30240 + h**7/5040 - h**5/30 + 3*h**2. Let b(i) be the third derivative of f(i). Calculate b(1).
3
Let i(j) = j - 1. Let o be i(0). Let p(k) = 2*k. Let f(m) = m. Let y(d) = 5*f(d) - 2*p(d). What is y(o)?
-1
Let n be (-2)/(-2*1/(-3)). Let x be 4/n + 4/(-6). Let r(i) = i**2 - 1 + 1 - i. Determine r(x).
6
Let s = -5 + 11. Let y be (s/(-6))/(1/5). Let j(g) = -13*g**2 - 20*g - 37. Let m(v) = 3*v**2 + 5*v + 9. Let r(z) = -2*j(z) - 9*m(z). What is r(y)?
-7
Let r = 5 + -8. Let g(p) = -p**3 - 5*p**2 - 5*p - 3. Give g(r).
-6
Let d(i) = i - 5*i**2 + 4*i**2 + i**3 - 5*i**2 + 5*i. What is d(4)?
-8
Let z(c) = -c + 8. Let k be z(8). Let q(o) = -6 + 2*o + 3 - o**2 + k*o**2. Suppose 12*s - 9*s = 6. Determine q(s).
-3
Let p(i) = i - 2. Let c(l) = l**3 + 11*l**2 - 2*l - 16. Let w be c(-11). Determine p(w).
4
Let v(o) be the third derivative of -1/60*o**5 - 1/2*o**3 - 1/12*o**4 + 0*o + 0 + 4*o**2. Calculate v(-3).
-6
Let t(g) = g**3 - 3*g**2 + g - 2. Let y(s) = s**2 - 3*s - 7. Let f(v) = -v**3 - 6*v**2 - 7*v - 5. Let k be f(-5). Let z be y(k). What is t(z)?
1
Let t(j) be the second derivative of j**4/12 + 5*j**3/6 - j**2 + 4*j. Let w = 6 + -10. What is t(w)?
-6
Let f = 3 + -1. Let g(a) = a + 4 + 3 + 5*a + 13*a**2 - 12*a**f. What is g(-5)?
2
Let a(h) = -2*h**2 + 2*h - 3. Let f(p) = 2*p**2 - p + 3. Let w(i) = 3*a(i) + 4*f(i). Suppose 2*v = v + 3. Suppose -v*q - 3 = 3. Give w(q).
7
Let v(x) = -x - 1. Let s be v(-5). Let n(l) = -l**3 + 3*l**2 + 4*l + 2. Let k be n(s). Let d(j) = -3*j + j**2 + j + j - 2*j. Give d(k).
-2
Suppose -x + 0 = -2. Let s = x + 0. Let l(b) = -b**2 - s*b - 3*b + 0*b - 4. What is l(-3)?
2
Let m(o) be the second derivative of -o**3/6 + o**2/2 + 31*o - 1. Give m(3).
-2
Let j(a) = -4*a + 2. Let l(y) be the third derivative of -y**5/60 - y**4/24 - y**3/3 + y**2. Let o be l(0). Give j(o).
10
Suppose -2*u - 3*g = -3, -3*g = 4*u - 5*g + 18. Let n(y) = 2*y - 3. Determine n(u).
-9
Let o(w) = 120*w - 61*w + 1 - 58*w + w**2. What is o(-4)?
13
Let s(b) be the first derivative of b**4/4 + b**2/2 - b + 25. Give s(1).
1
Let i(u) = 10*u**2 + 19*u + 4. Let x(y) = -7*y**2 - 13*y - 3. Let a(p) = 5*i(p) + 7*x(p). Let n be a(-4). Let z(c) = 3*c**3 - 2*c - 1. Give z(n).
-2
Let z be (-1 - 1 - 0)/(-1). Suppose -z*u - 7 = 3*p, 2*p + 5*u = p + 15. Let m(l) = -l**2 - 5*l + 4. Calculate m(p).
4
Let n(c) be the first derivative of -c**4/4 + c**3/3 - c**2/2 - 10*c + 2. Let z be (-6)/(-4) - (-6)/(-4). Give n(z).
-10
Let f(d) = d**3 + 8*d**2 - 9*d + 5. Let g(y) = -4*y + 4*y + 10*y**2 - y**2 + 2*y**3 + 5 - 10*y. Let i(n) = 3*f(n) - 2*g(n). Give i(5).
-5
Let o(c) = c - 12. Let p be o(7). Let b(s) be the first derivative of -6*s + 2*s**3 + 5/2*s**2 + 2 + 1/4*s**4. What is b(p)?
-6
Let u(x) = -3 + 0*x + x - 4*x**2 + 8*x**2 + 8 + x**3. Give u(-4).
1
Let r(d) = -d**3 - 3*d**2 - 5. Let v(j) = -j**3 + j**2 - j - 1. Let o = 8 - 6. Suppose 6 - 2 = -o*t. Let f(z) = t*v(z) + r(z). Give f(5).
7
Let c(t) = -4*t - 2. Suppose -3*w - 19 = -a, 2*w + a + 6 = -5. What is c(w)?
22
Let x(o) be the first derivative of o**4/4 - 4*o**3/3 + 3*o**2/2 - 3*o + 2. Let n be x(2). Let m = n + 2. Let q(c) = c - 1. Calculate q(m).
-4
Let w(p) = -p + 7. Let i = 5 + 0. Calculate w(i).
2
Let k(g) = -g**3 + 6*g**2 + 2*g + 4. Let t = -3 - -9. Calculate k(t).
16
Let l(s) = s**3 + 6*s**3 - 4*s**3 + s**2 - 3 + 4*s - 4*s**3. Let g be (-3)/(2 + 6/(-2)). Determine l(g).
-9
Let s(y) be the first derivative of -y**4/2 - y**3/3 - 3. Let k = 7 - 6. Determine s(k).
-3
Let l(o) be the first derivative of -1/4*o**4 - o**3 + o**2 + 3*o - 8. What is l(-3)?
-3
Let p = -11 - -11. Let c(h) = p*h + 4*h**3 + 0*h**2 - h**2 + h - 3*h**3 + 2. Give c(0).
2
Let l(g) be the second derivative of 0 - 4*g - 1/3*g**3 - 5/2*g**2. Determine l(-4).
3
Let u(m) = 0*m**2 - m**2 + 2*m + 2 + 2*m + 0. Calculate u(5).
-3
Let i(p) = -p**2 - 7*p - 3. Let w be i(-6). Suppose -20 = -2*s - w*s. Let k(d) = -2*d**2 + 6*d - 3. Give k(s).
-11
Let m = 26 + -11. Let b = -16 + m. Let r(z) = 1 + 0*z + 0*z + 3*z. Calculate r(b).
-2
Let u(n) = n**3 + 3*n**2 + 2*n. Let m be (-10)/(-4) - 2/4. Suppose -6 = m*c, 0 = p + 4*p + 2*c + 16. Determine u(p).
0
Let d(j) = -2*j - 3. Let s be (-2)/(2 + 8/(-3)). Suppose 6 = -b + s*b. Give d(b).
-9
Let q(b) = 2*b + 1. Suppose 0 = -2*u + 7*u + 5*f, 3 = 3*f. What is q(u)?
-1
Let n(g) = -g**2 - g - 3. Let m be 0*((-2)/2)/1. Let r be (m - 0)/(-2) + 0. Suppose r*f - 6 = 2*f. Determine n(f).
-9
Suppose 2*t = 8*t + 24. Let b(q) = -q + 3. Determine b(t).
7
Let m(c) = -c**2 - 3*c - 1. Let b(f) = -4*f - 5. Let r be b(-2). Suppose 0 = r*o + 2 + 4. What is m(o)?
1
Suppose 0 = 5*v + 10, -3*g - 3*v - 15 = 6. Suppose -q + 3 = 1. Let z(n) = -n**2 - 6 - 2*n**2 - 6*n + 2*n**q. Give z(g).
-1
Let y be 35/49 + (-4)/(-14). Let q(l) = -9*l**2. Calculate q(y).
-9
Suppose -f + 120 = -6*f. Let c be ((-16)/f)/(4/18). Let l(o) = -2*o**2 + 2*o**3 + 0*o**3 - o**3. Calculate l(c).
9
Let s(h) = h**2 - 3*h - 3. Let f(c) = -c**2 - 6*c - 1. Let v be f(-5). Let m = 18 - v. Let k = m + -9. Give s(k).
7
Suppose 3*m + 14 = 5*h, 0*h + 2*m = h - 7. Let n(l) = 5*l - 2. Let c(f) = f - 1. Let d(x) = h*n(x) - 4*c(x). Let j be 7 + -3 - 5 - 4. Calculate d(j).
-3
Suppose -1 = -u - 5. Let k(m) = m**3 - 4*m**2 + 2*m - 4. Let f be k(4). Let y(c) = 5 + 1 + f*c + c - c. Give y(u).
-10
Suppose -2*b + 4 = -2. Let x = b - 1. Let y(v) = -v**3 + 3*v**2 - 2*v - 1. Calculate y(x).
-1
Let p(y) = -4 - 4*y + 5*y + 1. Suppose -2*d = d - 9. Suppose -4*s + 10 = -3*s + 2*x, 0 = 3*s + d*x - 21. Determine p(s).
1
Let w(l) be the third derivative of -l**4/24 + 3*l**2. Let x = 14 + -8. Determine w(x).
-6
Suppose 3*b = -3*u - 3 - 0, -3*u - 3 = -2*b. Let a be (2 + u)*(-8 - -10). Let c(d) = -d**2 + 3 + 2*d + d - a*d. What is c(0)?
3
Let m(j) = -j**3 + j**2 + 6*j + 1. Let a(c) = c**3 - 6*c - 2. Let y(i) = -6*a(i) - 5*m(i). What is y(-6)?
7
Let v(x) = -x**3 - 6*x**2 + 2*x + 6. Let d be (-2)/8 - 5/((-80)/(-92)). Give v(d).
-6
Let o(n) = -16*n**2 - n + 1. Let f = 73 - 72. Give o(f).
-16
Let c(g) = g**3 - 5*g**2 + 4*g + 2. Let m be c(4). Let d(f) be the first derivative of 0*f - 9/2*f**m + 3. Determine d(1).
-9
Let t(b) be the first derivative of -b**4/4 - b**2/2 - 4*b - 16. What is t(0)?
-4
Suppose 0 = -k + 5*k + 4. Let m be (1 - k)*(6 + -4). Let x(v) = -v + 0 + 0*v + 9. Give x(m).
5
Let f(z) = -z**3 + 4*z**2 + 3*z + 6. Let t = -17 - -13. Let a be (-1 + t/1)*-1. What is f(a)?
-4
Suppose -4*x + 16 = 5*d, -x + d + 4 = -d. Let u(a) = a**2 - 5*a. Let n be u(x). Let y(o) = -o**2 - o + 1. Calculate y(n).
-11
Let l = -2 - -3. Let j(q) = 1 - 2*q + 1086*q**2 - 1086*q**2 - 5*q**3. Calculate j(l).
-6
Let w(y) = y**3 - 5*y**2 + y + 2. Let c = 6 - 6. Suppose -2 = -o - c. Determine w(o).
-8
Let x(f) = -f**3 + 5*f**2 - 8*f + 10. Suppose -2*g - g + i = -9, 2*g + 2*i = 14. Let z be x(g). Let c(l) = -l**2 - 7*l. Give c(z).
6
Let q